 -7 + 2. Let r(q) = -q**3 - 7*q**2 - 9*q - 10. Let s be r(n). Let u = -13 - s. Calculate the highest common divisor of 4 and u.
2
Let j(x) = -17*x - 5. Let l be j(-5). Suppose -6*o + l = -2*o. Suppose 4*s + o = 4*b - 36, -14 = -2*b - 5*s. Calculate the greatest common divisor of 3 and b.
3
Suppose 2*v = 4*v - 10, -4*v = -4*b - 52. Let o(a) = 0*a - 14 - 2*a + 4. Let t be o(b). Calculate the highest common divisor of t and 12.
6
Let y = -39 + 44. Suppose -5*s + 200 = y*f, 3*s - 2*s + 116 = 3*f. Calculate the highest common factor of 13 and f.
13
Suppose 9*g - 88 = -2*g. Let v(m) = -m**2 - 8*m + 11. Let z be v(-9). Suppose 53 + 91 = z*h. What is the highest common factor of g and h?
8
Let r be (-239303)/(-488) + 3/(-8). Calculate the greatest common divisor of 42 and r.
14
Let i be ((-8)/14)/(1/(-35)). Let f = 3 - -17. What is the highest common divisor of i and f?
20
Let j(f) = -102 + 102 + 23*f**2 - 17*f**2. Let u = 3 - 4. Let b be j(u). Calculate the greatest common divisor of b and 18.
6
Let s be (21/(-15) + 1)*-20. Suppose d - 4 = s. What is the greatest common factor of 30 and d?
6
Let j = 276 + -150. Calculate the highest common factor of j and 210.
42
Let g(z) = 9*z - 9. Let p be g(4). Suppose p*j = 30*j - 144. What is the greatest common divisor of 6 and j?
6
Suppose u - 2*w - 17 - 3 = 0, 3*w = -2*u + 12. Suppose a = 4*j - 30, 3*a + 13 = -4*j + 51. What is the greatest common factor of j and u?
4
Let p = -17 - -17. Suppose -2*t + 5*t - 294 = p. What is the highest common factor of 14 and t?
14
Let l(i) = i**3 + i**2 - 8*i - 2. Let w be l(-3). Let y = 132 + -88. Calculate the greatest common factor of w and y.
4
Let v = -40 + 26. Let n(o) = o**2 + 10*o + 4. Let c be n(v). Calculate the greatest common factor of 90 and c.
30
Let j(s) = 16*s - 3. Suppose 26 = 4*m + 22. Let u be j(m). What is the greatest common divisor of 117 and u?
13
Suppose -13*h + 152 = -17. What is the greatest common factor of 91 and h?
13
Let p = 892 - 710. What is the highest common factor of 156 and p?
26
Let q = 1142 + -843. Calculate the highest common divisor of q and 13.
13
Let v = -464 - -267. Let c = 296 + v. What is the highest common factor of c and 9?
9
Let x be ((-4)/10)/(78/(-3705)). What is the highest common factor of x and 171?
19
Let u be ((-6)/5)/((-3)/20). Let p(j) = -5 - 6*j + 14*j + 2 - 3*j. Let w be p(3). What is the greatest common divisor of u and w?
4
Let h = 175 - 157. What is the highest common divisor of 81 and h?
9
Let t(x) = 11*x**2 - 37*x - 40. Let u be t(-11). Calculate the highest common factor of u and 6.
6
Let c be (-3 - 1)/(1/(-16)). Let a = -642 + 802. What is the greatest common divisor of c and a?
32
Let v(y) = -y**3 - 21*y**2 - 33*y + 1. Let n(i) = -2*i**2 - 2*i + 4. Let k be n(-4). Let h be v(k). What is the highest common factor of 29 and h?
29
Suppose 104 = 7*o - 3*o. Let z be o/10 - 16/(-40). Let h = z - -19. Calculate the greatest common factor of 2 and h.
2
Let h be 2/6 + (-20)/(-12). Suppose w - 351 = -h*w. Suppose -3*d = 0, -w = -3*a - 0*a + d. What is the highest common divisor of 26 and a?
13
Suppose 2*a = 3*p + 5*a - 30, -5*p = -5*a. Suppose p*s + 42 = 52. What is the greatest common divisor of s and 1?
1
Suppose 7*m = 59 + 137. What is the greatest common divisor of m and 98?
14
Suppose -11*o = -32*o + 399. What is the highest common divisor of o and 304?
19
Suppose 0 = -5*s - 10 - 15. Let v(z) be the first derivative of -27*z**2/2 - 2*z + 1. Let y be v(s). Calculate the highest common factor of y and 19.
19
Suppose -2*o + 22 = -34. Let a = o + 47. Calculate the greatest common factor of a and 30.
15
Let n = -12 - -21. Suppose -n = -2*y + 3. Let f be (-748)/(-4 + -13) + (-1 - 1). What is the greatest common factor of y and f?
6
Suppose 48*c = 3259 + 2117. What is the highest common divisor of 392 and c?
56
Suppose -60*a - 3*j = -57*a - 420, -5*a - 3*j = -700. Let l(c) = -c**3 - c + 14. Let f be l(0). Calculate the highest common factor of f and a.
14
Let n(h) = -h**2 - h + 6. Let m be n(0). Let c(v) = -v**2 + 8*v - 2. Let w be c(m). Let f be ((-5)/(w/18))/(-1). What is the highest common factor of f and 18?
9
Let m be (-1)/(5/20*-2). Let d(y) = 7*y**3 + y**2 - 5*y + 5. Let o be d(m). What is the highest common divisor of 22 and o?
11
Let b = 1460 + -1447. Calculate the greatest common factor of b and 520.
13
Suppose -4*d - 1 = -5. Let v(s) = s**3 - 8*s**2 + 7*s + 3. Let h be v(7). Calculate the greatest common factor of d and h.
1
Let r be 316/26 - 2/13. Suppose v + 5 = -r. Let g = 22 + v. Calculate the greatest common divisor of g and 55.
5
Suppose 25*h + 72 = 34*h. Let m = 283 - 179. What is the highest common factor of h and m?
8
Let p be (-4)/((-1)/(-52)*-4). What is the highest common factor of p and 143?
13
Let p = -27 + 50. Let a = p - -10. Let u be 21 - (1 - (0 - -2)). Calculate the highest common divisor of a and u.
11
Let v(i) = i**2 - 14*i + 7. Let l be v(14). Let f = l + 7. Let c be (-2)/4 + 371/f. What is the greatest common divisor of c and 13?
13
Suppose -12 = -4*s, 0 = 2*i + 6*s - 2*s - 82. Suppose 4*u - 93 = -o - i, 3*u - 5*o = 32. Calculate the highest common factor of 98 and u.
14
Let g = 805 + -759. What is the greatest common factor of 2 and g?
2
Let u = -1208 - -1484. What is the highest common factor of u and 1242?
138
Suppose -382 + 347 = -5*f. Calculate the greatest common divisor of 133 and f.
7
Suppose 307*k - 305*k = 168. Calculate the highest common factor of 18 and k.
6
Suppose 532 = -14*w + 7*w. Let o be w*(15/6)/(-5). Suppose 38 = 2*l - l. Calculate the highest common factor of l and o.
38
Let y(x) = 8*x + 4. Let n be y(-5). Let a = 19 - n. Let d be (-2 - -3)*a*1. Calculate the greatest common factor of d and 11.
11
Suppose -q - 4*v = -31, 2*q - 89 = -9*v + 10*v. What is the greatest common factor of 43 and q?
43
Let h(w) = w**2 + 4*w - 3. Let g be h(2). Let l = -163 - -298. Suppose 7*j - 12*j = -l. What is the highest common factor of j and g?
9
Let n = -230 - -232. Calculate the highest common factor of n and 64.
2
Suppose -y = -0*y - 4*b - 16, -y - 4*b - 16 = 0. Suppose -z + y*z = -26. Calculate the highest common factor of z and 286.
26
Let m(p) = 14*p**2 - 26*p + 95. Let c(j) = 5*j**2 - 9*j + 32. Let y(w) = 17*c(w) - 6*m(w). Let f be y(-10). What is the greatest common divisor of 22 and f?
22
Let w be (-198)/(-15)*(3 - (-3)/(-6)). Let y = 81 - w. What is the highest common factor of y and 32?
16
Let l(d) = -d**3 - d**2 - d + 15. Let f be l(0). Suppose -f + 51 = w. Calculate the greatest common factor of 9 and w.
9
Suppose 8*i + 15 = 39. Suppose 303 = 3*m + i*u - 279, 0 = -5*m - u + 978. What is the greatest common factor of m and 28?
28
Let c(g) = -g**3 - 5*g**2 + 4*g - 8. Let l be c(-6). Let k be 3*l/(-6) + 3. Let h(q) = 8*q**2. Let a be h(k). What is the greatest common divisor of 64 and a?
8
Suppose 7*v + 4*v = 374. Calculate the greatest common divisor of 34 and v.
34
Let m = -26 + 43. Suppose 4*y - m = 7. What is the highest common factor of y and 2?
2
Let j(c) = -7*c - 18. Let a be j(-8). Let t(y) = -y**2 + 10*y - 2. Let p be t(7). Calculate the highest common factor of p and a.
19
Let h be (3/(-2))/((-3)/8). Let m(t) be the second derivative of t**3/3 + 11*t**2 - 10*t. Let f be m(5). What is the highest common factor of f and h?
4
Let t(i) = -i**3 - 10*i**2 + 16*i - 79. Let b be t(-12). Let a = 243 + -56. What is the highest common factor of a and b?
17
Let l(t) be the first derivative of t**3/3 - 10*t**2 + 57*t - 41. Let d be l(23). What is the greatest common factor of d and 42?
42
Let m = -88 + 116. Let x be (-1 + 50/14)/(4/m). Suppose -3*v + 3 = -2*v. Calculate the greatest common factor of x and v.
3
Suppose 37 = 2*l + 7. Let w = -4 - 20. Let v be (75/(-12))/(2/w). What is the greatest common divisor of l and v?
15
Let q = -43 - -74. Suppose -4*u - 1007 = -3*g, -2*u + 1038 = 4*g - 334. What is the highest common divisor of q and g?
31
Suppose -2*y + 360 = 10*y. Let d = -5 + 8. Suppose v - 2*f - 2 + 0 = 0, -d*f = 5*v - 36. What is the greatest common factor of y and v?
6
Let l = 14 - 12. Suppose -3*i = -l*i - 5. Suppose -m + 9 = -p, 3*p - 15 = -i*m + 2*p. What is the greatest common divisor of 32 and m?
4
Let l be 64/18 - (-135)/(-243). Let m be 2/((-1)/3 + 1). Ca